 + 11
7
Evaluate -2 + (0 + 5 - 6) + 1.
-2
-5 - (-2 + -5 + 6 + -1)
-3
Calculate -5 - (10 + -10 + 0).
-5
What is -3 - (-2 + 1) - (16 - 16)?
-2
What is the value of (3 - 1) + 192 + -190?
4
Calculate 42 + -46 - (0 - 12).
8
Calculate (-2 - -2) + (4 - -1) - 3.
2
What is the value of (9 - 2) + (-38 - -21)?
-10
Calculate 8 + 3 + -7 + 1.
5
Calculate (77 - 73) + 0 + (2 - -1).
7
13 + -12 + 0 + 1 + -1
1
What is the value of 5 + (-2 - (0 - -1))?
2
Calculate (-6 - (-7 + 0)) + 1 + 0.
2
Calculate 2 + -8 + (-1 - -2).
-5
Evaluate (5 + -5 - 5) + (-1 - 0).
-6
What is -1 + 2 + -2 + (5 - 3)?
1
What is 0 - -15 - (53 - 46)?
8
Evaluate -4 + 5 - (1 - -5 - 0).
-5
Calculate 6 + (-4 - (0 - -1)) + 2.
3
Calculate -3 + -3 + 22 + -4 + -5.
7
(-4 - -5 - -4) + -6
-1
Evaluate 6 - (-6 + 9 - -1).
2
What is 2 - 4 - 6 - -3?
-5
Calculate (4 - (0 - -3)) + 2.
3
Evaluate -3 + 9 + (5 - 5).
6
What is the value of (6 + 0 + -10 - -5) + 2?
3
Calculate 1 - -2 - (2 - 1).
2
0 + 1 + 2 + -8
-5
Evaluate 1 - (0 + -3 + 11 + -7).
0
What is the value of (-1 - -1) + -17 + 20?
3
6 + -16 - (2 - 21)
9
7 - (3 + -1 - -2)
3
Calculate 10 - (3 - (2 - (-3 + 6))).
6
(-10 - -2) + (2 - 2) + 3
-5
Calculate 6 - -1 - (-9 + -2 - -21).
-3
-2 + -1 - (-2 - (1 + 0))
0
What is the value of -2 + 5 + (80 - 89)?
-6
Calculate 2 + 9 - (16 - 2).
-3
Calculate 7 - 4 - (7 + (-4 - -1)).
-1
Calculate 1 - (-1 + -4 + 2 + 4).
0
What is the value of (-12 - -12 - -2) + 4 + -1?
5
Calculate -8 - (-4 + 3 + 0) - -2.
-5
Calculate -4 - (-12 - -3) - 6.
-1
Calculate -7 - (3 + -11) - 4.
-3
Calculate 4 - (-8 + 8 + 2).
2
Evaluate -14 - (8 - 13 - 2).
-7
-1 + (-4 - -6) + 4 - 10
-5
Calculate 19 + -11 - 11 - 3.
-6
What is 60 - 70 - (-4 + 1)?
-7
What is 5 + 3 + -6 + 2?
4
Evaluate -7 + (7 + -5 - (0 - 2)).
-3
Calculate 8 + 6 + -9 + 4.
9
What is 0 - -1 - (0 + (5 - 7))?
3
Evaluate -7 + (-6 - -1) + 15.
3
Evaluate 1 - ((-4 - 2 - 5) + 1).
11
What is the value of -2 - (2 + -1 + (-5 - -5))?
-3
What is (-13 - -12) + (-4 - -2) + -5?
-8
Evaluate (-1 - 0) + -17 + 15.
-3
-69 - -64 - (-12 + -1)
8
Evaluate 7 - (-2 - -5 - (-10 + 13)).
7
-6 + 15 - (15 + -11)
5
Evaluate (-10 - -13) + (-3 - -1) + -2.
-1
What is the value of 1 + -5 + (-5 + 1 - -3)?
-5
Calculate 1 + 2 - (7 - 8).
4
Evaluate -2 + (4 - -2) - 0.
4
1 + -9 - (-23 - -20)
-5
Calculate 0 - -2 - ((-13 - -6) + 5).
4
-2 + -5 + (-1 - (4 - 11))
-1
2 + 2 - (-16 + 20) - -7
7
-1 - 1 - (-5 - -1)
2
Calculate 1 - 1 - (9 + -5 - 4).
0
What is the value of -3 - (-5 + (7 - 4))?
-1
-4 + 2 + (-3 - -6) - 5
-4
What is -4 + 1 + (-4 - -5) - -1?
-1
What is the value of (2 - 1) + 3 - 3 - -1?
2
What is 13 - ((-8 - -15) + 6)?
0
What is -12 + 3 + 21 - 11?
1
Calculate 4 + 0 + (-2 + 3 - 4).
1
Evaluate (9 - 2) + (-5 - 0).
2
What is 35 + -27 + (1 - (5 + -4))?
8
(-1 - 12) + 5 + 6
-2
What is (4 - -2 - 11 - 5) + 7?
-3
What is the value of 5 + 0 + -25 + 17?
-3
Evaluate (-5 - -2) + (11 - 8).
0
Calculate 5 + -6 - 2 - 3.
-6
Calculate 0 - (2 + 4 + -1).
-5
What is 8 - (17 + (-1 - -6) - 4)?
-10
Calculate -2 + 2 + (1 - 0) + -1.
0
Calculate (-1 - 1) + -12 + 13 + 4.
3
4 - (6 - 4) - 5
-3
Calculate -6 - (-2 - 3 - (41 - 34)).
6
Evaluate -227 - -224 - (0 - 12).
9
(4 - 1) + 16 + -23
-4
Calculate 8 + -4 + -2 + 6 - 5.
3
Calculate 9 + 0 - (-2 + 4).
7
Calculate 8 + 2 + 1 + (27 - 46).
-8
(2 - (-4 + 9)) + 10
7
Evaluate -2 - ((-5 - -21) + -12).
-6
2 + 2 - (-12 + 15 - 3)
4
17 + -16 + (0 - (4 - 1))
-2
What is -5 - (-4 - -3 - 0 - 7)?
3
-8 + 10 - ((-5 - -3) + 2)
2
Calculate 2 + (-6 + 6 - (-2 + 1)).
3
Evaluate -9 - -11 - (2 - 2).
2
Evaluate 1 + -4 + (0 - 4 - -5).
-2
Evaluate 2 + 16 + -15 + 0 + -2.
1
-4 - (-3 - (3 + 1) - -6)
-3
What is the value of -2 + (-1 - (1 + -1))?
-3
Evaluate (2 - -7 - 3) + -12 + 2.
-4
What is 0 + (-1 - 2 - 2)?
-5
What is the value of 0 + -18 + 14 + -3?
-7
What is the value of (13 - 2) + 7 + -11?
7
Calculate -8 + (10 - 0) + -5.
-3
Evaluate 0 + (-9 - -1 - (-19 + 3)).
8
What is the value of 7 - (4 + 3 + 1)?
-1
What is -7 + -3 + (4 - -1)?
-5
What is 1 + 0 - (3 + -2)?
0
Calculate (15 - 3) + -6 - 2.
4
What is the value of (4 + -4 - 0) + 4?
4
Evaluate -5 + 2 + -1 - (-6 + 4).
-2
Calculate 2 + (-1 - 1) + 0 - 4.
-4
Evaluate 3 - (7 + -2 + -2).
0
What is the value of 3 + 4 + -4 + 0?
3
What is the value of (9 - 4) + -7 - -1?
-1
What is (2 - 7) + (-1 - -3)?
-3
What is (-4 - (-5 - 0)) + 4?
5
Calculate -7 + 8 - (-3 + -2) - 13.
-7
Calculate 10 - (1 - (-5 + 1)).
5
-3 + 1 + (18 - 19) + -5
-8
What is -9 + (0 - 0) + 33 + -29?
-5
0 + -5 + -1 + 7 + 2
3
What is -3 + (-2 - (-10 + 3))?
2
Calculate 4 - -3 - (-30 + 43).
-6
Calculate -3 - (-17 + 10) - 9.
-5
What is the value of -4 + (-1 - -10) + -1?
4
(-7 - -9) + 4 - 3 - -3
6
What is -3 + 8 - (5 + -4 + -1)?
5
Evaluate (2 + 1 + 1 - 4) + 0.
0
-3 + -1 + -3 + 2 - 0
-5
What is 12 + -19 - (-9 + 0)?
2
What is the value of -5 + 7 - (0 + 0 + 2)?
0
Calculate 5 + (2 - 1) + -1.
5
Calculate (3 - -1) + -3 - (-2 + -2).
5
Calculate -4 + (1 - 0 - -3).
0
What is 2 + (-6 - -3) - (1 + -1)?
-1
Calculate (0 - 1) + -3 - -3.
-1
Evaluate -2 + (0 - -2 - -4) + -5.
-1
Calculate 6 + -1 + (-11 - -7).
1
What is the value of 10 - (7 - 3) - (0 - -1)?
5
Evaluate -2 + -4 + (7 - (-8 + 15)).
-6
Evaluate 2 + -10 - (-16 - -6).
2
-7 + 7 + (-2 - -2) + 0
0
What is -1 - -8 - (12 - 8)?
3
Evaluate 15 - 18 - (-3 - -1).
-1
What is the value of -10 - -10 - (2 + 3)?
-5
Evaluate (17 - 9) + 0 + -4.
4
Calculate -13 - (-1 + (-11 - -7) - 3).
-5
Calculate 4 - (-5 - -12 - 6).
3
(0 - 4 - (-2 + -3)) + -10
-9
-1 + (3 - -5) + -1
6
13 - 10 - (5 - (2 + -1))
-1
Calculate 1 - (5 - (1 + 4)).
1
Calculate 2 + -1 + (1 - 4 - 3).
-5
What is the value of 6 + -8 - -7 - 2?
3
Evaluate 53 - 55 - (-1 - (1 - 2)).
-2
Calculate 0 + 3 - ((1 - 2) + 4).
0
Evaluate 6 + -4 - (-1 - 1).
4
What is the value of 1 + (0 - (9 + -2))?
-6
What is 2 + -6 - (8 + -4 + -4)?
-4
Evaluate 21 + -28 - (1 + 1).
-9
Calculate -2 - (-2 - (-3 + -6 - -4)).
-5
Evaluate -1 + -1 + 0 - (43 - 41).
-4
What is the value of (0 - 5) + -5 + (7 - 1)?
-4
4 + -9 + 3 - -1
-1
What is 8 - (2 - -6 - 1)?
1
What is the value of (-1 - -2) + 5 - 6?
0
Evaluate 10 - 2 - (14 - 8).
2
Evaluate 6 - (-7 + -1 + 7).
7
-2 + (5 - (3 + 2))
-2
Calculate -3 + 6 - (-9 - -10 - 7).
9
-7 + 0 - (61 + -66)
-2
(-8 - -8) + (1 - -1)
2
4 - (6 + -4 - -1) - 2
-1
Evaluate (0 + 3 + 0 - 7) + 5.
1
What is -2 + (-3 - -1) + (6 - 1)?
1
(-1 - -1) + -3 + (-3 - -5)
-1
Calculate -5 - (-1 - -1) - -3.
-2
What is the value of -4 - (-3 - (-4 - -5))?
0
What is the value of 0 - (0 - (3 - (7 - 1)))?
-3
-5 - (0 + 2 + -5)
-2
What is the value of (-3 - -2) + 0 + (-15 - -11)?
-5
What is the value of 1 - -2 - (27 + 2 + -20)?
-6
5 + -8 - (1 - 7)
3
What is (0 - -2 - 3) + 8 + -4?
3
Calculate 13 - 6 - (-8 - -4).
11
(-2 - -5 - 5) + (4 - -1)
3
What is the value of 6 - (0 - (-7 - -4))?
3
What is the value of (6 + 5 - 20) + 14?
5
Calculate 7 + 0 + -13 + 7.
1
Calculate 4 - (6 + -5 + 6).
-3
What is the value of 14 + (4 - -7) + -17?
8
Evaluate 0 + (-5 - (-4 + 0)).
-1
Evaluate 4 + (-11 - (-4 + -2 + 2)).
-3
What is 3 - (7 + -1) - (-8 + 6)?
-1
What is the value of (-20 - (10 - 17)) + 7?
-6
Evaluate -2 - (-9 - -8) - -2.
1
What is 3 + -1 + 1 + -2?
1
Calculate 5 - (0 - (3 + -4)).
4
What is 2 - (1 - -3 - 0)?
-2
Calculate 8 - ((22 - 5) + -3).
-6
What is the value of 0 + -2 - (13 - 28 - -5)?
8
What is -13 + (19 - 8 - 5)?
-7
Evaluate 7 + -1 - ((9 - 14) + 15).
-4
-3 + -2 + 5 - 7
-7
15 - (-2 + -6 - -21)
2
-13 - -17 - (10 - 1)
-5
What is the value of -4 + 5 + -4 - -4?
1
10 + -4 + -1 + -1
4
Calculate (-1 - (-1 - -6)) + (22 - 24).
-8
What is the value of 2 + 0 - (-14 - (1 - 12))?
5
What is the value of -15 + 29 + (-10 - -1)?
5
Calculate -2 + 1 + -1 + 0 + -4.
-6
Calculate -2 - (-6 - 0) - 4.
0
Evaluate -3 + 2 + -2 + 1.
-2
3 - ((-3 - -5) + -3)
4
What is 3 + 6 + 13 + -19 - 12?
-9
Calculate (8 - (-9 + 12)) + -5 + 0.
0
What is 2 - (3 - 7) - 3?
3
What is -1 - (1 + -5 + 2 + -2)?
3
What is -12 - (-22 - (7 - 9))?
8
(-1 - 5) + (-3 - -4)
-5
-3 + -11 + -11 + 22
-3
-44 + 41 + (-3 - 4)
-10
Calculate 2 - (-3 - (-1 - -1) - 0).
5
What is the value of -5 - ((-3 - 10) + 5)?
3
What is the value of 12 + -7 - (4 + -2 + -1)?
4
Evaluate 2 + -1 + (-1 - -2) - 4.
-2
What is the value of 4 + 0 - (23 + -10 - 3)?
-6
What is (-14 - -2) + 2 + 2?
-8
What is the value of 12 - (8 - -1) - 8?
-5
6 + (8 - 11 - 6)
-3
Evaluate 2 + (-3 - -2) + 2 + 2.
5
-2 - -4 - (-2 - -